 is the units digit of j?
1
Let h be 2/(-3)*-3*1. Suppose h*u = -u + 30. What is the tens digit of u?
1
Let p be (-12)/(-10)*(-160)/(-12). Let k = -23 + p. Let u = k - -14. What is the units digit of u?
7
Let m = 9 - -2. Suppose -k - 2*b + m = 0, 0 = -3*b - 8 + 2. What is the units digit of ((-12)/k)/((-2)/35)?
4
Let g(d) = -d + 20. What is the tens digit of g(5)?
1
Suppose 3*t = -3*n + 63, 4*n - 28 - 59 = -t. Suppose -26*c + 96 = -n*c. What is the units digit of c?
4
Suppose -12 = -2*c - 3*n, -2*c + 26 = 2*n - 6*n. Let v(j) = -j**2 + 13*j - 5. What is the tens digit of v(c)?
3
Let r be 6/(-10) + (-36)/(-10). What is the tens digit of 3*(r + 0) + 1?
1
Suppose 2*q - 100 = -2*q. Suppose -2*k = 3*k - q. What is the units digit of k?
5
Let c = -107 + 199. What is the tens digit of c?
9
Let t be (2 + -40)/(-2)*5. Suppose -35 + t = -4*a. Let z = -5 - a. What is the units digit of z?
0
Suppose 0 = -3*t - 114 + 333. What is the units digit of t?
3
Suppose -4*w + 1 = -11. Let z be (0 - -1 - w)*-2. Suppose -z*j = -19 - 13. What is the units digit of j?
8
Let k(o) = o - 6. Let n be k(0). Suppose 22 = -3*h - 2*i, 0*i = 2*h + 4*i + 28. What is the units digit of 8/n*6/h?
2
Let m be (-135)/(-36) + 2/8. Suppose 4*n = m*g - 2*g - 10, -3*g + 10 = -n. What is the units digit of g?
3
Let l be (1 - 1)/(0 - -1). Suppose l = f - 0*f - 2. Suppose -f*k + 1 + 1 = 0. What is the units digit of k?
1
Let o be 63/15 + (-2)/10. Suppose 10 = -o*h + 30. What is the units digit of h?
5
Let d be (69/(-12))/((-2)/8). Let l = 63 - d. Suppose 2*o + 3*o - l = 0. What is the units digit of o?
8
What is the tens digit of ((-20)/(-14))/((-8)/(-112))?
2
Let b(r) = 5*r**2 - 3*r - 11. Let h(s) = 4*s**2 - 2*s - 10. Let q(y) = -3*b(y) + 4*h(y). What is the tens digit of q(-6)?
2
Let l be 2 + 129/(-6)*2. Let a = -26 - l. What is the tens digit of a?
1
Suppose -5*a = -4*h - 770, a + 2*h = 2*a - 148. What is the hundreds digit of a?
1
Let j(c) = 74*c**3 + c**2 - 3*c + 2. What is the units digit of j(1)?
4
Let k be (-26)/(-8) + 1/(-4). Let h = 5 - k. Suppose -22 - h = -4*o. What is the units digit of o?
6
Suppose -4*g = -0*g - 68. Suppose 0 = -2*y + 5*c + g, 4*y + 0*c = -3*c - 31. What is the units digit of ((-20)/6)/(y/12)?
0
Let h(u) = -u**3 + 9*u**2 + 3*u - 10. Suppose -t = -8 - 1. What is the units digit of h(t)?
7
Let y be (-2)/2 - (-1 - -1). What is the units digit of 87/((-3)/y) - 2?
7
Let m(b) = 2*b**3 - 3*b**2 - 6*b - 6. Let v(g) = g**3 + g**2 - g. Let z(w) = -m(w) + v(w). What is the units digit of z(5)?
6
Let w = -23 + 26. Let a be (-94)/(-14) - 2/(-7). Suppose -2*u + w*u - a = 0. What is the units digit of u?
7
Let s = 16 - 26. Let f = s + 18. Let q(y) = y + 2. What is the tens digit of q(f)?
1
Let j(q) = q**3 - 8*q**2 - q + 10. Let t be j(8). What is the units digit of ((-3)/(-9))/(t/42)?
7
Let l = 7 - 3. Suppose 4*z + 4*k - k - 43 = 0, 5*k = -l*z + 37. What is the tens digit of z?
1
Let v = -22 - -17. Let t(a) = -a**2 - 7*a + 6. What is the units digit of t(v)?
6
Let x(b) = b**2 + 11*b - 4. What is the hundreds digit of x(-19)?
1
Suppose 5*n - 4*j + 148 = 0, -5*j + 2*j = -2*n - 55. Let d = n + 47. What is the units digit of d?
5
Suppose -5*j + 0 = -10. Suppose 5*d = s + 99, 3*s = -4*d + j*s + 72. Let k = d - 9. What is the units digit of k?
0
Let t be 6/(-9)*-39*-1. Let b = t + 47. Suppose -5*j = -5*l, b = 4*l + 5*j + 3. What is the units digit of l?
2
Suppose -166 = -4*a + 86. What is the tens digit of a?
6
Suppose 2*z - 4 + 0 = 0. Let r = z - -19. What is the units digit of r?
1
What is the units digit of 1176/35 + 2/5?
4
Suppose -3*i = -3*y - 15, 5*y + 3 = -i + 2. Let k(o) = 4*o + 1. What is the tens digit of k(i)?
1
Suppose -5*t + 3*m + 24 - 1 = 0, 3*t - 3*m - 9 = 0. Suppose 11*k - t*k - 36 = 0. What is the units digit of k?
9
Let c(g) = -g**3 + g**2 + g - 4. Let r be c(0). Let o = -1 - r. Let u(y) = 3*y - 3. What is the units digit of u(o)?
6
Let o = 9 + -6. Suppose -2*j - o*j = -55. What is the tens digit of j?
1
Suppose 3*x = -2*k + 785, 4*k - 5*k - 5*x + 396 = 0. What is the tens digit of k?
9
Let b(z) = z**2 - 5*z - 4. Suppose 0*l + 3*l - 15 = 0. Let t be b(l). Let j(m) = m**3 + 5*m**2 + 2*m + 5. What is the units digit of j(t)?
3
Let a(p) = -p**2 + 3. Let q be a(0). Suppose 0 = -4*f + 3*w + 21 + 10, -q*w = f - 4. What is the units digit of f?
7
Suppose 2*s + 345 = 7*s. What is the tens digit of s?
6
Suppose 41 = -2*x + 213. What is the units digit of x?
6
Let v be 6*(-1 + 9/6). Suppose -2*l + 82 = -v*x, 2*x - 2 - 2 = 0. Suppose -j + 3*j - l = 0. What is the tens digit of j?
2
Let f = 29 - 59. Suppose 8*u + 200 = 4*u. What is the tens digit of 36/f*u/4?
1
What is the units digit of 0 - (-5)/(5/3)?
3
Let g(z) = -4*z - 5. What is the units digit of g(-2)?
3
Let d(g) = -5*g - 12. What is the tens digit of d(-10)?
3
Let f = 287 - 59. What is the hundreds digit of f?
2
Let o = 22 - -4. Suppose a - 10 = 6*a, a = 4*f - o. What is the units digit of (-546)/(-36) + (-1)/f?
5
Let y(n) = -4*n**3 - 3*n. What is the units digit of y(-3)?
7
Let f = 12 - -70. What is the units digit of f?
2
Let n be (-8)/28 + 4/14. Let l = 10 + n. What is the tens digit of l?
1
Let a(o) = -o**2 + 1. Let k be (3 - 2)*0/5. What is the units digit of a(k)?
1
Suppose 0*c = -l - 5*c + 12, -c + 6 = 2*l. What is the tens digit of 12 + 3 + (0 - l)?
1
Let z = 2 - -2. Let j(s) be the first derivative of s**4/4 - 4*s**3/3 + s**2/2 - 2*s - 6. What is the units digit of j(z)?
2
Suppose 2*d - 7*d = 0. Suppose -3*p - p + 88 = d. What is the units digit of p?
2
What is the hundreds digit of ((6 - -188) + 2 + -1)*1?
1
Let g(v) = -v**2 + 5*v + 5. Let w be g(6). Let y be (1 - w - 2) + 2. Suppose -2*i + 3*d + 2*d = 3, y*d = -4*i + 54. What is the tens digit of i?
1
Suppose 13 = -l + 5*f - 7, 0 = 3*l - 3*f. Let a(s) = 7*s - 12. What is the tens digit of a(l)?
2
Let x = -25 - -55. What is the tens digit of x?
3
Suppose 2 = -4*w - 6. Let o be 6/3 + 1 - w. Suppose -2*k - 3*x + o = 0, -3 = k + 5*x + 5. What is the units digit of k?
7
Let n(l) = l**2 + 5*l + 1. Let u be n(-6). Suppose u*j = 2*h + 2*j + 7, 47 = 3*h + 4*j. Suppose -4*p + h = -p. What is the units digit of p?
3
Suppose -3*u = -p - 11 + 2, -u = -4*p - 3. Suppose p = 3*n - 5*o - 19, 11 = 3*n - 3*o + 2*o. What is the units digit of n?
3
Suppose 5*y - 3*q = -5*q + 19, 2*y - 19 = 3*q. Suppose 3*n = -3*p + 114, y*p + 16 + 34 = n. What is the tens digit of n?
4
Let t = 2 - 0. Suppose 3*x - t*y - 120 = 0, y + 2*y = -x + 40. What is the tens digit of x?
4
Let n = 92 - 53. What is the tens digit of n?
3
Suppose -4*o - 274 = 2*n - 3*n, 238 = n + 5*o. What is the tens digit of n?
5
Suppose 4*d - 2*d - 57 = -p, 3*p - 171 = 5*d. What is the units digit of p?
7
Suppose 0 = r + 5 - 4. Let c be (-63)/14 - 1/2. What is the units digit of -1 + (2 - r) - c?
7
Let q = 3 - 9. Let s = -19 + q. Let g = -16 - s. What is the units digit of g?
9
Suppose 2*k - 3*d = k + 175, 175 = k + 2*d. What is the tens digit of k?
7
Suppose -5*n - 144 = -2*q, -5*q - 2*n + 322 = -96. What is the units digit of q?
2
Let o(u) = 2*u + 3 - 2*u**2 + 3 + u**2. Let h be o(5). Let i = h + 15. What is the units digit of i?
6
Suppose 0 = -d - 6 + 20. Suppose -3*w + 2*j = 3*j - 8, 5*w = -j + d. What is the units digit of w?
3
What is the tens digit of 125 - 0/(2 + 1)?
2
Suppose -296 = -3*c + c. What is the hundreds digit of c?
1
Suppose 18 = 4*z - 38. Suppose 4*g - z - 66 = 0. What is the tens digit of g?
2
Let x(k) = k - 5. Let r be x(4). Let l be 27/(-4) - r/(-4). Let c = l + 10. What is the units digit of c?
3
Suppose 2*x = 5*l - 23, 2*l + 15 = 5*x + 41. Let m be (2/(-3))/((-4)/(-6)). What is the tens digit of m/x - (-156)/16?
1
Let r be -1 + 3/(2/(-2)). Let w(m) = 2*m**2 + 4*m - 5. What is the tens digit of w(r)?
1
Let z(y) = -y + 2. Let u be z(-2). Suppose 52 = 3*g - h + 3*h, 3*g + u*h = 44. What is the units digit of g?
0
Suppose 2*p - 2*x = 0, 4*p - 6 = -3*x + x. Let l(u) = -2*u**2 + 2*u - 1. Let o be l(2). What is the units digit of o/((-15)/24)*p?
8
Suppose 3*q + 4*h + 11 = -0, q - 4*h = 23. What is the units digit of 18/(-4)*(-2)/q?
3
Let x be 11/3 - (-6)/18. Suppose 0 - x = -4*w. Suppose z - w = 4. What is the units digit of z?
5
Let z(m) = -4*m**2 - 10 - 2*m**3 + m**2 + 7 - 4*m. Let w be (0 - -1) +